ne r(h).
0
Suppose -2*w + 6 = -5*w - 5*o, 0 = -5*o - 15. Let s(y) = -3*y**2 + y - w*y**2 - 2 + 7*y**2. Let f be ((-1)/(-2))/((-2)/(-8)). Give s(f).
4
Let f = -5 - -5. Suppose 0 = -m + 3, 3*h - 9 = -m - f*m. Let v(c) = 4*c - 2. Determine v(h).
6
Let m = -4 + 7. Let c(r) = 10*r**2 + 5*r - 2. Let g(x) = -x + 1. Let s(j) = m*g(j) + c(j). Calculate s(-1).
9
Suppose 5*x - 19 = 2*v, -5*x - 5 = 3*v - 14. Let z(y) = -x*y**2 + 2*y + 4*y**2 + 1 + 2*y - 5. Give z(-4).
-4
Let o(i) be the third derivative of -i**6/120 + i**5/12 - i**4/4 + 5*i**3/6 + i**2. Let c = 0 + 10. Let a = 14 - c. Give o(a).
-3
Let g = 17 - 12. Suppose -3*r = -0*r. Let o(v) = 7 - v**3 + r + 0 + 4*v + 4*v**2. Give o(g).
2
Let v(s) = -7*s**2 - s - 1. Suppose -7*f + 15 = 22. Determine v(f).
-7
Let x(y) be the third derivative of y**6/120 - y**5/15 + y**4/24 - y**3/3 - 19*y**2. Calculate x(4).
2
Let q = -7 - -10. Suppose 2*p = k - q, 3*k = -5*p + 10 - 1. Let u(s) = -k*s**3 + 0*s**2 + s**2 - 3*s**3 + 5*s**3 + 2. Calculate u(0).
2
Let x(d) = -d + 1. Let s = -11 + 11. Suppose s = 5*w - 10 - 20. Calculate x(w).
-5
Let b(d) = -d**2 + 2*d + 1. Let f = 18 + -14. Calculate b(f).
-7
Suppose -5 = 4*r - 3*r. Let x(m) = -m**3 - 9*m**2 - m - 7. Let v be x(-9). Let i(p) = -2*p**v + p**2 + 0*p**2 - 6*p. What is i(r)?
5
Let p(t) = -2*t + t - t**3 - t**2 + 1 + 0*t. Let m(o) = o**2 + 10*o. Let r be m(-10). Give p(r).
1
Let h(o) be the first derivative of o**4/4 - o**2/2 - 16*o + 12. What is h(0)?
-16
Let f(b) = b - 5. Let k(x) = -x + 6. Let n(d) = -7*f(d) - 6*k(d). Let y = 1 + -4. Give n(y).
2
Let k(o) be the second derivative of -7*o**4/12 - o**3/6 + o**2/2 + 8*o. Give k(1).
-7
Let w(b) = -b + 1. Let v(m) = -m**3 + 4*m**2 + 2. Let k be v(4). What is w(k)?
-1
Let j(i) = 2004*i + 2 - 2005*i + 2. Determine j(5).
-1
Let z(u) = 22*u**3 + u**2 + u. Let b = 98 + -99. Calculate z(b).
-22
Let n(z) = z**2 - 2*z - 1. Let g be n(3). Suppose -4*q = -g*i - 0*q + 22, i + 4*q = -13. Let r(t) = 0*t - t - t**2 + 8*t**i - t**3. What is r(-1)?
-7
Let f(u) = 2*u + 3. Let t(o) be the first derivative of o**4/4 - 7*o**3/3 - o**2/2 + 2*o + 5. Let i be t(7). Determine f(i).
-7
Let n(g) = g**2 + g - 1. Let v(z) = z**2 - 4*z. Let t(d) = -2*n(d) + v(d). Determine t(-6).
2
Suppose -6 = -4*o - 18. Let i(n) = -2*n**2 + 5*n + 2. Let m(y) = -3*y**2 + 5*y + 2. Let s(g) = -5*i(g) + 4*m(g). Determine s(o).
-5
Let s(g) = -12*g + 4. Let n(v) = -8*v + 3. Let i(r) = -7*n(r) + 5*s(r). Give i(1).
-5
Let i(t) be the second derivative of -1/24*t**4 - 1/180*t**6 + 0 + 1/120*t**5 + 3*t + 0*t**2 + 1/6*t**3. Let x(p) be the second derivative of i(p). Give x(2).
-7
Let w(t) = 49*t + 21. Let j(a) = 5*a + 2. Let c(o) = -21*j(o) + 2*w(o). Determine c(-2).
14
Let g(o) = -o**3 - 6*o**2 - 5*o + 5. Let x = -5 + 3. Let r be (40/(-12))/(x/(-3)). What is g(r)?
5
Let m(j) = -j**3 + 3*j**2 + 2*j - 5. Suppose 3*p + 10 - 2 = 2*s, -2*p = -s + 4. Suppose 3*h = -p*h + 12. Give m(h).
-13
Suppose 2*t + 2 = 3*q - 9, 4*t - 2*q = -2. Let y(c) = 3*c**3 + t*c**2 + c + 3 + 0*c**3 + c - 2*c**3. Give y(-2).
-1
Let q be 0 + 6/9*3. Let u(o) = -o**3 + q*o**3 - 3*o - 4 + 0*o - o**2. Let j = 4 + -1. What is u(j)?
5
Let h(m) = 4*m**2 + 2*m - 4*m - m**3 - 6 + 5. Calculate h(3).
2
Let p(w) = -w**2 + 3*w + 4. Let b be (-2 + (-4)/(-6))*-3. Let k be p(b). Let s be (-2 + (k - -1))/1. Let m(y) = 5*y**3 + y**2 - 1. Determine m(s).
-5
Let a(z) = -4*z**3 + z**2. Suppose -x = 2*o - 6, 5*o + x - 4*x - 4 = 0. Suppose 4*c + 3*f = 3*c - 14, -4*f - 6 = -5*c. Let n be 1*o*c/(-4). What is a(n)?
-3
Let j(g) be the first derivative of -8 - 1/3*g**3 - 2*g**2 - 5*g. Calculate j(-4).
-5
Let s(v) = 4*v**3 + 1. Let x be (-2 - -4)/2 + 3. Let i be (2 - 4) + x + -1. Calculate s(i).
5
Let x(k) = k**2 - 8*k - 7. Let t be x(9). Suppose -2*h - 8 = -5*z, -5*z + 20 = -7*h + t*h. Let q(p) = -p**3 - 6*p**2 - 6*p - 2. Give q(h).
-10
Let o(s) = 11*s + s**2 + 14*s - 26*s - 4. Suppose 2*z + 0*z + 2 = 0. Let b be z/(-3) - 2/6. Give o(b).
-4
Let h(o) = 4*o**3 - 7*o**2 + 7*o - 8. Let p = -22 - -14. Let y(n) = 11*n**3 - 21*n**2 + 21*n - 23. Let l(w) = p*h(w) + 3*y(w). Calculate l(6).
1
Let b(q) = q - 4. Suppose 19 = 5*d - 4*v - 5, 5*v = 4*d - 21. Suppose -3*r + 2*c = d*c - 24, r = -c + 9. Let i(p) = p**2 - 5*p - 6. Let l be i(r). What is b(l)?
-4
Suppose 0*w - 4*w = 28. Let b(u) = 2*u - 1. Let v be b(w). Let p = v + 11. Let z(n) = n**2 + 6*n + 1. Calculate z(p).
-7
Let u be 42/(-14) - (1 - 3). Let b(o) = -3*o**3 + 2*o**2 + 2*o + 1. Determine b(u).
4
Let f(u) be the third derivative of -1/30*u**5 + 1/8*u**4 - 1/6*u**3 + 0 - 3*u**2 + 0*u. Give f(2).
-3
Let x(j) be the second derivative of -j**5/20 + 5*j**4/12 - 7*j**3/6 + 5*j**2/2 + 15*j. Give x(4).
-7
Suppose -3 = -2*d - 1. Suppose -2 - 3 = -5*q. Let m(y) = -2*y + 3*y + q - 2 - 4*y. Determine m(d).
-4
Suppose 54 = -5*a + 3*r, -3*r + 0*r = 6. Let y be 34/(-6) + (-8)/a. Let h(j) = -j**3 - 4*j**2 + 4*j + 5. What is h(y)?
10
Let m(p) = p**3 - 6*p**2 + 6*p - 1. Let a(b) = -b**3 + b**2 + 1. Let o(h) = -2*a(h) - m(h). Calculate o(-5).
4
Let n(w) = -42*w**3 + 7*w**2 + 3*w + 3*w + 43*w**3 + 4. Give n(-5).
24
Let t(f) = f**3 - 6*f**2 + f - 6. Let l(u) be the third derivative of u**5/60 + 5*u**4/24 - 4*u**3/3 + 2*u**2. Let d be l(-7). Determine t(d).
0
Let r(u) = -u**2 - 4*u - 3. Let z(a) = -a**2 - 12*a - 13. Let p be z(-11). Calculate r(p).
1
Let l(g) = -g + 6. Let v be ((-6)/(-5))/((-6)/(-15)). Suppose v*s - 107 = -2*j, -2*s - 3*j + 44 = -29. Suppose -s = -5*w - 5. Determine l(w).
0
Let l(u) = 10*u + 1. Let b(p) = p. Let o(i) = -6*b(i) + l(i). Calculate o(-6).
-23
Suppose 0*n - 5*n = 15. Let t(m) be the first derivative of m**2/2 - m - 1. Give t(n).
-4
Let s(i) = -2*i + 2*i + 3*i + 5. Let c(d) = 5*d + 11. Let x(h) = 4*c(h) - 9*s(h). Suppose 0 = 3*z + 8 - 5. Determine x(z).
6
Let q be 3/4 - (-2)/(-8). Let t(j) be the third derivative of -q*j**3 + j**2 - 1/8*j**4 + 0 + 0*j - 1/120*j**6 + 1/10*j**5. Calculate t(5).
7
Let r(x) = 7*x**2 + 5*x - 1. Let o(h) = -h**2. Let q = 7 - 8. Let n(p) = q*r(p) - 6*o(p). What is n(-5)?
1
Let a(g) = -g**2 - 7*g - 2. Suppose 3*j + d - 13 = 0, -4*d + d = 5*j - 23. Let c = -8 + j. What is a(c)?
10
Suppose 3*l - 4*d = 14, 5*l - 5 = -3*d - 30. Let j(i) be the first derivative of 3*i + 1 + 1/2*i**2. What is j(l)?
1
Let b(g) = -g + 7. Let q = 4 - -2. What is b(q)?
1
Let y = 3 + -3. Let a(z) = 6 + 0 + 1 + 4 + z. Calculate a(y).
11
Let a(x) = x**3 + x**2 + x - 2. Suppose 8*q = 3*q + 20. Suppose i = q*i. Calculate a(i).
-2
Let o(u) = u**3 + 6*u**2 - 7. Let a be (-5*2)/((-13)/(91/(-14))). Determine o(a).
18
Let s be -7 + 56/20 - 2/(-10). Let g(p) = -2*p - 2. Calculate g(s).
6
Let f(m) = m**3 + m**2 + m. Suppose 0*w - 3*w = -3. Let n = w + -2. Let y(i) = -5*i**3 - 10*i**2 - 2*i - 3. Let o(c) = n*y(c) - 6*f(c). Determine o(3).
0
Let w(c) = -c**2 + 5*c - 5. Let k = 9 - 6. Suppose -p - k = 5*x, p - 1 = 3*p + 5*x. Let b(f) = 2*f**3 - 2*f**2 - f - 2. Let d be b(p). Give w(d).
-1
Let m(c) = -c**3 - 4*c**2 - 5. Let n be (-1)/((1 + -4)/(-12)). What is m(n)?
-5
Let c(d) = 3*d - 5. Let b(q) = 13*q - 21. Let k(v) = 2*b(v) - 9*c(v). Let m be 2 + -2 - 5/(-1). What is k(m)?
-2
Let i(f) = f**3 + 7*f**2 + 2*f + 11. Let t be i(-7). Let z(x) = 2*x**2 + 3*x + 2. Determine z(t).
11
Let c(x) = 2*x - 8. Let g(t) = -t**3 - 17*t**2 - 33*t - 36. Let p be g(-15). What is c(p)?
10
Let f(h) = 3*h**3 - 4*h**3 - h + 2*h + 10 - 2*h + 7*h**2. Let n be f(7). Let t(l) = -2 - n - 3*l + 0 - 2. What is t(-5)?
8
Let s(z) = -z**2 - 6*z - 2. Let x be 1 - -9*(-12)/18. Determine s(x).
3
Let b(u) = u**3 - 3*u**2 + 3*u - 5. Let l be b(3). Let v(n) = n - 4. Calculate v(l).
0
Let u(l) = -l + 6. Let j be (-2 + 1 + 1)/(-3). Give u(j).
6
Let c(u) = 5*u - 1. Let s(z) = 4*z. Let m(i) = -4*c(i) + 4*s(i). Let l(o) = -12*o + 11. Let j(t) = 3*l(t) - 8*m(t). Calculate j(1).
-3
Let j(z) = -z**3 + 5*z**2 - z + 9. Let s be j(5). Suppose -3*l - s = -l. Let a(h) = -h**2 - h. Calculate a(l).
-2
Let v(x) = 2*x**3 + 4*x**2 + 4*x + 2. Let p(i) = -5*i**3 + 6*i + 5*i**3 - 10 - 5*i**2 - 2*i**3 + 3*i**3. Let m be p(4). What is v(m)?
-6
Let v be 44/(-33) - 1/(-3). Let c(t) = 8*t**2 + t. Give c(v).
7
Let s be 2 + (-1 - -2) - 14. Let q(b) = -5*b**3 + b + 8. Let v(o) = -9*o**3 + o**2 + 3*o + 15. Let g(a) = s*q(a) + 6*v(a). Determine g(-